 38 = 0. Let o = f + -5. List the prime factors of o.
2
Let t = 214 + -74. List the prime factors of t.
2, 5, 7
Suppose i - 4 = -3*q + 2*i, -5*i + 14 = 2*q. Suppose 1 + 31 = q*p. Suppose -2 = -o, 5*a = -0*o - 3*o + p. What are the prime factors of a?
2
Suppose -2*g = -0*g - 6. Let i = g - -3. What are the prime factors of (-1)/3 - (-20)/i?
3
Let q be 9/6*12/9. Suppose -2*d - q*d - 16 = 0, 3*b = 3*d - 6. Let t = b - -18. What are the prime factors of t?
2, 3
Suppose -11*h = -0*h - 275. List the prime factors of h.
5
Let n = 0 - 0. Suppose n = 3*i + 2*j - 13 + 5, -16 = 3*i - 4*j. What are the prime factors of (i - -1)*(2 + 2)?
2
Suppose -3*i + 423 = -2*j + 43, -4*j = 16. What are the prime factors of i?
2, 31
Let x(y) be the second derivative of y**4/12 + 7*y**3/3 - 3*y. What are the prime factors of x(-15)?
3, 5
What are the prime factors of (99/(-12))/((-6)/16)?
2, 11
Suppose 0 = 127*b - 125*b - 322. What are the prime factors of b?
7, 23
Let b be (-35)/14 + 2/4. Let r be (188/12)/(b/(-12)). Suppose k = -4, 0*l + k + r = 5*l. List the prime factors of l.
2, 3
Suppose -2*z - 5 = z - j, z - 5*j = 3. List the prime factors of 0/z + (-145)/(-5).
29
Let k(q) = -q**2 + 4*q - 3. Let a be k(2). Let w = 47 + -45. Suppose a = c - w. What are the prime factors of c?
3
Suppose -3*t - 3 = 9. Let i be 22/t - (-1)/(-2). Let g = i - -17. What are the prime factors of g?
11
Let v(d) = 66*d - 13. List the prime factors of v(2).
7, 17
Let t be 4/(-22) - 230/(-55). Let a(l) = 3*l + 1. List the prime factors of a(t).
13
Let t(g) = g**2. Let l(c) = 4*c**2 + 10*c + 9. Let n(d) = -l(d) + 3*t(d). What are the prime factors of n(-6)?
3, 5
Let j be 1/(-4) - (-21)/(-12). Let o be 6 - (1 + -1 + j). Let q = 4 + o. List the prime factors of q.
2, 3
Suppose 8 = 2*r + 2*r. Suppose -o = -5*y + 3*o + 8, 0 = -r*y - 2*o + 14. Suppose -y*u = u - 55. List the prime factors of u.
11
Let j be 5/2 + (-1)/(-2). Suppose 30 = 3*d - j*r, -4*d + 2*r + 37 = -r. Suppose 4*h - 1 = d. What are the prime factors of h?
2
Suppose -z + 5 + 15 = 2*k, -3*z = -k - 4. List the prime factors of k/4 - 4/(-2).
2
Suppose -3*z + 0*j - 2 = -5*j, 0 = -4*z + j + 20. What are the prime factors of z?
2, 3
Let x(a) be the third derivative of -a**6/120 - a**5/15 + a**4/8 + 7*a**2. What are the prime factors of x(-5)?
2, 5
Let t(k) = 15*k + 3. Suppose 3 + 13 = 4*v. Let u be t(v). Let s = u - 45. List the prime factors of s.
2, 3
Let n be (-80)/(-6) + 2/(-6). Suppose n = a - 3. What are the prime factors of a?
2
Let o(q) = -q**3 - 4*q**2 - 13*q - 3. List the prime factors of o(-6).
3, 7
Let k be (-2 - -26)*(-2)/3. Suppose -4*q + q - 84 = 0. Let p = k - q. List the prime factors of p.
2, 3
Let y(d) be the second derivative of 3*d**2 + 1/12*d**4 - 7/6*d**3 + 0 - d. What are the prime factors of y(7)?
2, 3
Let q = -42 + 84. List the prime factors of q.
2, 3, 7
Suppose -5*v + 180 - 45 = 0. Suppose -2*z - v = -3*x + 53, 0 = -3*x + 5*z + 74. List the prime factors of x.
2, 7
Let k(x) = 16*x**2 - 4*x - 3. Let r be k(-2). Suppose 0 = -2*t + 3*u + r, -4*t + 147 = 4*u - 41. What are the prime factors of t?
2, 3, 7
What are the prime factors of 1 - (1 - (-12)/(-9))*12?
5
Suppose 3 = -2*q + 9. Suppose -q*p + 150 + 30 = 0. Suppose 3*l = -2*l + p. What are the prime factors of l?
2, 3
Suppose -42 = -l - i - 4, 0 = 2*l - 3*i - 76. List the prime factors of l.
2, 19
Suppose -2*o + 129 = 41. List the prime factors of o.
2, 11
Let l = 9 - -59. What are the prime factors of l?
2, 17
Let o = 17 + -19. What are the prime factors of (18/4 + o)*8?
2, 5
Suppose 2*a = 73 - 9. List the prime factors of a.
2
Let l(x) = -x**3 - 8*x**2 - 2*x - 11. Let n be l(-8). Suppose 4 = -2*b + 3*b, 0 = -2*h - n*b + 84. What are the prime factors of h?
2
Let i(x) = x**3 - x**2 + x - 1. Let j(r) = r**3 + 4*r**2 - 5*r + 3. Let w be j(-5). Let b be i(w). Let m = b + -10. List the prime factors of m.
2, 5
Let r = 181 + -111. Let q = r + -46. Suppose 9*p = 3*l + 4*p - q, 2*l - 35 = -3*p. What are the prime factors of l?
13
Let n(x) be the third derivative of -x**5/60 + 3*x**4/4 + 5*x**3/6 + x**2. What are the prime factors of n(16)?
37
Let g(y) = 3*y - 1. Let p be g(-2). Let u = p - -14. List the prime factors of u.
7
Let h = 84 + 4. List the prime factors of h.
2, 11
Suppose -10*y - 35 = -11*y. What are the prime factors of y?
5, 7
Let x = -11 + 6. List the prime factors of 39*x*(-2)/15.
2, 13
Suppose 4*d - 81 = -r, -4*r - 2*d = 2*d - 288. List the prime factors of r.
3, 23
Suppose 0 = -t - 3*g, -2*t + 0*t = 3*g. Let h be 3 - 0/(t + -3). Suppose -a + h = f, -4*a + 0*a = 16. List the prime factors of f.
7
Let a(c) = 5*c**2 - c + 2. Let h be a(-2). List the prime factors of ((-8)/3)/((-4)/h).
2
Let d(i) = 3*i**3 + i**2 - 1. Let r be d(1). Let j be (-8 + 2)/((-3)/3). Let f = j - r. List the prime factors of f.
3
Let h be (-4 + 5)/(1/5). Let r = -9 + h. What are the prime factors of r*(-1)/(4/10)?
2, 5
Suppose b + b = 0. Let c be (-2 - -10)/(2 - b). Suppose 0*z = c*z - 48. List the prime factors of z.
2, 3
Suppose -h - 19 = 2*v - 81, 115 = 2*h + v. What are the prime factors of h?
2, 7
Let n(c) = -c**3 - 18*c**2 + 7*c - 45. List the prime factors of n(-19).
3, 61
Let b(y) = -16*y - 1. List the prime factors of b(-1).
3, 5
Suppose -s - 2*n - 21 = 4*s, -4*n + 8 = 0. Let z = 7 + s. What are the prime factors of z?
2
Suppose 8*o - 20 = 3*o. Suppose -4*v = -4*c + 12, 0*v - o = -c + 2*v. What are the prime factors of c?
2
Suppose 2*c + 1903 = 7*c - r, 3*c + r - 1145 = 0. List the prime factors of c.
3, 127
Let v be (-3 + 1 - -63) + -2. Let g = v - 23. Suppose -4*m + 40 = a, 4*m + 4*a + 8 = g. List the prime factors of m.
11
Let i = -9 + 24. List the prime factors of i.
3, 5
Let p = -14 + 18. List the prime factors of p.
2
Let h(l) = 4*l. Suppose 3*w + 3*r = 3, 3*r - 2 = -2*w + 2. Let u be h(w). Let j = u - -15. List the prime factors of j.
11
Let b(y) = -8*y**3 + 4*y**2 + 2*y. Let d(x) = 17*x**3 - 9*x**2 - 4*x - 1. Let g(h) = 5*b(h) + 2*d(h). List the prime factors of g(-2).
2, 5
Let i(y) = -y**3 + 5*y**2 + 8*y - 4. Let t be i(6). Suppose -4*l + t = -52. What are the prime factors of l?
3, 5
Let s(r) = 177*r**2. List the prime factors of s(-1).
3, 59
Suppose 5*z - 2 - 2 = 2*g, -8 = -5*z + 4*g. Suppose z = 5*v - 3*v - 4. List the prime factors of v.
2
Let u be (-38)/(-6) + 4/6. Suppose 100 = 2*x + u*y - 3*y, 3*x - 5*y - 183 = 0. List the prime factors of x.
2, 7
Let r = -2 + 5. Suppose 2*x - r = 3*t, 0 = -0*t - t - 1. Suppose 0 = 5*o - 20, x = 3*k - 2*o + 6*o - 28. What are the prime factors of k?
2
Suppose 2*i + 1 = 7. Suppose 0 = -b - i*b. Let c(u) = u**2 + u + 3. What are the prime factors of c(b)?
3
Let b(r) = r**3 - r**2 - r + 69. List the prime factors of b(0).
3, 23
Let c(d) = d**3 - 12*d**2 - 7*d + 1. Let u(b) = -b**2 + b + 1. Let a(h) = -c(h) + 4*u(h). What are the prime factors of a(9)?
3, 7
Suppose -3*j + 12 + 39 = 0. Let k = -1 + j. List the prime factors of k.
2
Suppose 2 = 5*t - 6*t. List the prime factors of 81/6 + (-1)/t.
2, 7
Suppose -34*a = -38*a + 68. What are the prime factors of a?
17
Suppose 5*g + 21 = 2*g. Suppose -7*h = -4*h. Let y = h - g. What are the prime factors of y?
7
Let z be (-5)/(15/6) - -7. Suppose 0 = -f + z + 14. Let s = f + -7. List the prime factors of s.
2, 3
Let q = 62 - 50. What are the prime factors of q?
2, 3
Let j be (266/3)/((-2)/(-3)). Suppose 5*z - 4*p - 140 = 0, -4*z - p = -0*p - j. What are the prime factors of z?
2
Suppose 5*n = -4*s + 27, 2*n + 2*n = -s - 7. List the prime factors of s.
13
Let f(h) = -h**3 - 3*h**2 - h + 2. Let g be f(-3). Suppose 5*q + c = 8, 0 = -g*q + 3*q + 2*c + 8. Suppose -q*y - 3*y = -30. What are the prime factors of y?
2, 3
Suppose 0 = -y - 5*r + 102 - 20, 4*y = 4*r + 328. What are the prime factors of y?
2, 41
Suppose 4*a + a + h = 54, 35 = 3*a - 2*h. Let v = a + 15. List the prime factors of v.
2, 13
Suppose 7*f + 3 = 45. What are the prime factors of f?
2, 3
Let z = -5 + 8. Suppose z*t = -v + 4, 0*t + 4*v = t - 10. List the prime factors of t.
2
Let o(u) = u**3 - 7*u**2 - 8*u + 3. Let n = -8 + -5. Let y = -5 - n. What are the prime factors of o(y)?
3
Let u(x) = x**3 + 2*x**2 - 2*x + 1. Let p be u(1). What are the prime factors of (-57)/(p - 5) + 3?
2, 11
Let j(h) be the third derivative 